hen 130 is divided by 34?
28
Calculate the remainder when 35602 is divided by 172.
170
Calculate the remainder when 128 is divided by 29.
12
Calculate the remainder when 3297 is divided by 17.
16
Calculate the remainder when 35 is divided by 29.
6
Calculate the remainder when 1834 is divided by 68.
66
Calculate the remainder when 267 is divided by 7.
1
What is the remainder when 176 is divided by 58?
2
What is the remainder when 4663 is divided by 11?
10
What is the remainder when 154 is divided by 12?
10
What is the remainder when 127 is divided by 10?
7
Calculate the remainder when 114 is divided by 27.
6
What is the remainder when 150 is divided by 45?
15
Calculate the remainder when 1116 is divided by 58.
14
Calculate the remainder when 1112 is divided by 219.
17
Calculate the remainder when 1823 is divided by 28.
3
What is the remainder when 29 is divided by 18?
11
What is the remainder when 274 is divided by 23?
21
What is the remainder when 662 is divided by 17?
16
Calculate the remainder when 430 is divided by 72.
70
Calculate the remainder when 546 is divided by 31.
19
Calculate the remainder when 7488 is divided by 9.
0
Calculate the remainder when 1307 is divided by 12.
11
What is the remainder when 3733 is divided by 178?
173
Calculate the remainder when 2909 is divided by 16.
13
What is the remainder when 133 is divided by 68?
65
What is the remainder when 29 is divided by 16?
13
Calculate the remainder when 2009 is divided by 55.
29
Calculate the remainder when 2723 is divided by 28.
7
What is the remainder when 6465 is divided by 196?
193
What is the remainder when 334 is divided by 46?
12
What is the remainder when 483 is divided by 38?
27
What is the remainder when 408 is divided by 46?
40
Calculate the remainder when 6578 is divided by 1639.
22
What is the remainder when 103 is divided by 28?
19
Calculate the remainder when 43 is divided by 15.
13
What is the remainder when 24448 is divided by 150?
148
What is the remainder when 134 is divided by 10?
4
What is the remainder when 219 is divided by 64?
27
Calculate the remainder when 457 is divided by 51.
49
Calculate the remainder when 261 is divided by 70.
51
Calculate the remainder when 3357 is divided by 10.
7
Calculate the remainder when 441 is divided by 143.
12
What is the remainder when 606 is divided by 17?
11
Calculate the remainder when 1454 is divided by 112.
110
Calculate the remainder when 1320 is divided by 373.
201
Calculate the remainder when 1550 is divided by 11.
10
Calculate the remainder when 1282 is divided by 12.
10
What is the remainder when 484 is divided by 4?
0
What is the remainder when 390 is divided by 13?
0
What is the remainder when 903 is divided by 73?
27
Calculate the remainder when 3941 is divided by 188.
181
What is the remainder when 3316 is divided by 166?
162
Calculate the remainder when 11161 is divided by 61.
59
Calculate the remainder when 189 is divided by 48.
45
What is the remainder when 742 is divided by 34?
28
What is the remainder when 2141 is divided by 32?
29
Calculate the remainder when 31 is divided by 10.
1
What is the remainder when 239 is divided by 97?
45
Calculate the remainder when 61 is divided by 7.
5
Calculate the remainder when 2298 is divided by 209.
208
What is the remainder when 375 is divided by 35?
25
What is the remainder when 2477 is divided by 80?
77
Calculate the remainder when 796 is divided by 114.
112
Calculate the remainder when 1824 is divided by 20.
4
Calculate the remainder when 618 is divided by 4.
2
Calculate the remainder when 325 is divided by 66.
61
Calculate the remainder when 810 is divided by 35.
5
Calculate the remainder when 571 is divided by 86.
55
What is the remainder when 3560 is divided by 31?
26
Calculate the remainder when 57 is divided by 44.
13
Calculate the remainder when 352 is divided by 100.
52
Calculate the remainder when 233 is divided by 47.
45
Calculate the remainder when 9567 is divided by 87.
84
What is the remainder when 82 is divided by 26?
4
Calculate the remainder when 17192 is divided by 19.
16
Calculate the remainder when 14573 is divided by 42.
41
What is the remainder when 193 is divided by 39?
37
What is the remainder when 420 is divided by 40?
20
What is the remainder when 69 is divided by 9?
6
Calculate the remainder when 358 is divided by 72.
70
Calculate the remainder when 3318 is divided by 40.
38
Calculate the remainder when 46559 is divided by 30.
29
What is the remainder when 91 is divided by 27?
10
Calculate the remainder when 216 is divided by 74.
68
What is the remainder when 1107 is divided by 242?
139
What is the remainder when 2739 is divided by 109?
14
What is the remainder when 236 is divided by 65?
41
What is the remainder when 938 is divided by 47?
45
What is the remainder when 72 is divided by 19?
15
What is the remainder when 3237 is divided by 15?
12
Calculate the remainder when 448 is divided by 65.
58
What is the remainder when 436 is divided by 62?
2
Calculate the remainder when 128 is divided by 33.
29
What is the remainder when 231 is divided by 227?
4
What is the remainder when 1120 is divided by 66?
64
Calculate the remainder when 82 is divided by 22.
16
What is the remainder when 10 is divided by 10?
0
What is the remainder when 251 is divided by 32?
27
What is the remainder when 104 is divided by 21?
20
What is the remainder when 307 is divided by 239?
68
What is the remainder when 354 is divided by 119?
116
What is the remainder when 67 is divided by 12?
7
What is the remainder when 174 is divided by 45?
39
What is the remainder when 208 is divided by 53?
49
What is the remainder when 292 is divided by 44?
28
Calculate the remainder when 438 is divided by 434.
4
Calculate the remainder when 227 is divided by 15.
2
Calculate the remainder when 423 is divided by 25.
23
What is the remainder when 2252 is divided by 46?
44
What is the remainder when 58 is divided by 11?
3
Calculate the remainder when 3183 is divided by 1055.
18
Calculate the remainder when 2848 is divided by 11.
10
What is the remainder when 1556 is divided by 12?
8
What is the remainder when 107 is divided by 36?
35
What is the remainder when 174 is divided by 53?
15
Calculate the remainder when 457 is divided by 119.
100
Calculate the remainder when 418 is divided by 51.
10
Calculate the remainder when 765 is divided by 48.
45
Calculate the remainder when 255 is divided by 75.
30
Calculate the remainder when 327 is divided by 158.
11
Calculate the remainder when 64 is divided by 50.
14
What is the remainder when 490 is divided by 6?
4
What is the remainder when 1447 is divided by 481?
4
Calculate the remainder when 46724 is divided by 15.
14
Calculate the remainder when 255 is divided by 64.
63
What is the remainder when 537 is divided by 42?
33
What is the remainder when 56 is divided by 56?
0
What is the remainder when 10985 is divided by 26?
13
Calculate the remainder when 504 is divided by 11.
9
What is the remainder when 307 is divided by 101?
4
Calculate the remainder when 470 is divided by 234.
2
Calculate the remainder when 137 is divided by 10.
7
What is the remainder when 11493 is divided by 24?
21
Calculate the remainder when 410 is divided by 110.
80
What is the remainder when 180 is divided by 65?
50
Calculate the remainder when 19 is divided by 14.
5
What is the remainder when 28372 is divided by 17?
16
Calculate the remainder when 1637 is divided by 20.
17
Calculate the remainder when 78 is divided by 44.
34
Calculate the remainder when 140 is divided by 22.
8
Calculate the remainder when 148 is divided by 80.
68
Calculate the remainder when 342 is divided by 78.
30
Calculate the remainder when 110 is divided by 47.
16
Calculate the remainder when 139 is divided by 11.
7
Calculate the remainder when 370 is divided by 86.
26
Calculate the remainder when 3854 is divided by 7.
4
Calculate the remainder when 978 is divided by 89.
88
Calculate the remainder when 6367 is divided by 11.
9
Calculate the remainder when 149 is divided by 50.
49
Calculate the remainder when 5211 is divided by 22.
19
What is the remainder when 10104 is divided by 47?
46
What is the remainder when 825 is divided by 62?
19
Calculate the remainder when 99 is divided by 78.
21
Cal